 + 2*g + 1. What is o(l)?
6
Let k(o) = -o**3 - 9*o**2 - 10*o - 14. Let t = 16812 - 16820. Give k(t).
2
Let i(w) be the second derivative of -11/6*w**3 + 0 + 6*w**2 + 1/12*w**4 + 81*w. What is i(9)?
-6
Let o(i) = -i**2 - 3*i + 2. Let j(a) = -a**2 + 11*a - 24. Let d be j(8). Suppose l - 4*t = -6, d*t - 12 = 4*l - 4*t. Give o(l).
4
Let a(c) = -c**2 + c - 1. Let d(t) = -6*t**2 + 5*t - 6. Let g(x) = 5*a(x) - d(x). Let w(o) = o**3 - 22*o**2 + 32*o - 9. Let k be w(1). Determine g(k).
5
Let x be (78/(-91))/(18/84). Let b(f) = 33*f + 123. Determine b(x).
-9
Let r = 142 - 118. Suppose -13*c - r = -7*c. Let z(n) = -n**3 - 3*n**2 + 3*n - 5. What is z(c)?
-1
Let k(r) = 6*r + 102. Suppose 12*l = -201 - 159 + 48. What is k(l)?
-54
Let w be (14/(-35))/(2/10). Let i(n) be the first derivative of n**2/2 + 5*n - 76. Calculate i(w).
3
Let i = 56 + -56. Suppose 2*t = -2, i = 4*s - 0*s - 4*t - 4. Let n be 0/1*(-2)/(-8) + s. Let b(c) = c**2 - 8. What is b(n)?
-8
Suppose -4*i = 2*j - 6, -i - 2*j + 8 = -1. Let u(f) = -8*f - 3. Let g(c) = 95*c + 35. Let n(q) = 3*g(q) + 35*u(q). Give n(i).
-5
Let c(v) = 11*v**3 + 17*v**2 - 8*v + 18. Let m(w) = -6*w**3 - 8*w**2 + 5*w - 9. Let n(p) = -4*c(p) - 7*m(p). What is n(-7)?
110
Let r(z) = -7*z**2 - 13*z - 15. Let v(j) = -2*j**2 - j + 2. Let u(w) = -r(w) + 3*v(w). Give u(-4).
-3
Suppose 0 = -12*f + 24*f - 336. Suppose -f*n = 3*n + 124. Let r(g) = -g - 2. Calculate r(n).
2
Suppose 10 = 5*s - 10. Let n be (-2)/(-4) + s/8. Let h(u) be the second derivative of 5*u**3/6 - 3*u + 124. What is h(n)?
5
Let x(c) = c**3 + 11*c**2 + 4*c + 1. Let w = -5595 - -5585. Determine x(w).
61
Let u(i) be the first derivative of -i**4/12 + i**3 - 7*i**2 + 236*i + 69. Let x(b) be the first derivative of u(b). Determine x(4).
-6
Let d(v) be the third derivative of 3/8*v**4 - 1/60*v**5 + 7/3*v**3 - 31*v**2 + 0*v + 0. Let j(q) be the first derivative of d(q). Calculate j(8).
-7
Let o(r) = 6*r**3 - r - 1. Let n be 4/(-2) - (-7506)/(-27). Let w = 279 + n. Give o(w).
-6
Let h(v) = 7*v**3 + 7*v**2 - 7*v. Let w(l) = -2*l**3 - 2*l**2 + 2*l. Let n(q) = -3*h(q) - 11*w(q). Let f = -109 - -109. Determine n(f).
0
Let d(t) be the third derivative of -t**6/120 - 2*t**5/15 - t**4/3 + 2*t**3/3 - 2*t**2. Let z(s) = -10*s**2 - 17*s - 6. Let o be z(0). What is d(o)?
-20
Let v(z) = -z**3 - 19*z**2 + 23*z + 47. Let j be -4 + 221/68 + 19/4 + -24. Give v(j).
-13
Let o be (3208/(-6))/((-16)/24*1). Let g = -803 + o. Let b(s) be the third derivative of -s**6/40 - s**5/30 - s**4/12 - s**3/6 + s**2. Determine b(g).
2
Let p(k) = 2*k + 10 - 5 - 3*k + 12. Suppose 2151 = 536*m - 2137. Give p(m).
9
Let x(t) be the second derivative of -t**6/360 + 5*t**4/12 - 67*t**3/6 + 126*t. Let h(q) be the second derivative of x(q). What is h(0)?
10
Let q = -310 - -304. Let c(y) = -y**3 - 8*y**2 - 6*y - 6. Let z(m) = m**3 + 7*m**2 + 5*m + 6. Let n(s) = q*c(s) - 7*z(s). What is n(0)?
-6
Let i(h) = 2*h**3 + 93*h**2 - 15*h - 26. Let r(g) = 3*g**3 + 151*g**2 - 22*g - 38. Let a(l) = -8*i(l) + 5*r(l). Give a(12).
-6
Let t(b) be the second derivative of 32 + 1/6*b**3 - 1/2*b**2 - 2*b. Give t(2).
1
Let m = -58 - -48. Let s be (-33)/(-27) - (-10)/(-45) - m. Let a(k) = -k**2 - 10 + s - 1 - 6*k. What is a(-5)?
5
Let i = 21729 - 21732. Let g(s) = -6*s**2 - 2*s**3 + s**3 - 4 + 0*s**2 - 4*s. Calculate g(i).
-19
Let b(r) = 6*r**2 + 2*r + 6. Suppose 1720 - 1696 = 8*f. Give b(f).
66
Let v(d) = -2*d + 17 + 8*d + 7*d**2 - d + 11 - d**3. Determine v(8).
4
Let k(m) = -m**2 - 12*m + 8. Suppose -9*x = -17*x - 48. Calculate k(x).
44
Let a = 469 - 466. Let u(j) = 0*j**3 + 4*j + 3 + 4*j**a - 4 + 5*j**2 - 2*j**3. Determine u(-2).
-5
Suppose 0 = 31*p - 163 - 54. Let o(c) = -c**2 + 16*c - 63. Calculate o(p).
0
Let y(p) = -74*p - 2967. Let g be y(-40). Let t(c) = -17*c - 116. What is t(g)?
3
Let p(i) = -12*i + 97. Let g be 3 - (-8)/(104/65). What is p(g)?
1
Let w(p) = -p**2 - 7*p + 12. Suppose 4*z - 20 = 0, -4*z + 10 = -5*a - 5. Let g be (a + -3)*76/19. Give w(g).
4
Let p = -4749 + 18997/4. Let o(w) be the first derivative of 7/2*w**2 - 3*w**3 - 26 + p*w**4 - w. What is o(8)?
-9
Let c = 5085 - 5085. Let v(h) = h**3 - 2*h + 68. What is v(c)?
68
Let z = -17 - -9. Let s be (-55)/10*z/22. Let k(i) = -i**2 + i + s*i**2 - 8*i - 6 + 10*i. Determine k(-5).
4
Let w(l) = -l**3 - l**2 - l - 3. Suppose z + 7 = -3*q, -9*z - 3*q - 23 = -4*z. What is w(z)?
49
Let w(y) = y**2 - 26*y - 182. Let x be w(32). Let k(m) = -2*m - 9. Calculate k(x).
-29
Let z(o) = -o**2 - 8*o - 12. Let v be 168/105 + 4/10. Suppose -v*m + 4*a = 8 - 4, -4*m + 3*a - 18 = 0. Determine z(m).
0
Let i be 0 + (-2)/(-5) + (-48)/(-30). Let w(o) = 2 + 5 + i + 10*o - 21*o. Let u(n) = 4*n - 3. Let k(c) = -8*u(c) - 3*w(c). Determine k(-3).
-6
Let a be -7 - 3/(-9 + 6)*(-5 - -29). Let z(c) = c**3 - 16*c**2 - 20*c + 37. What is z(a)?
-14
Let h(k) = 17 + 12 - 10 + k. Suppose -4*n - 8*j - 52 = 0, 92*n - 90*n + 5*j = -28. Determine h(n).
10
Let g(c) = c**2 - 4*c + 3. Let u be 58/15 + 42/315. Suppose 5*x + 6 = z - 0, 5*z = u*x - 12. Let p be (13 + -14)/(x - (-6)/4). Give g(p).
-1
Let d(p) be the first derivative of -2*p**3 - 75*p**2 - 13*p + 3357. Calculate d(-25).
-13
Let c(x) = -27*x + 16. Let z(t) = -t + 3. Suppose 4*u - 154 + 174 = 0. Let s(l) = u*z(l) + c(l). Give s(-1).
23
Let a(o) = -5 + 321*o**2 + o**3 + 332*o**2 - 15*o + 3*o - 643*o**2. Give a(-11).
6
Let m be (-90)/(-20) + 2/(-4). Suppose -s - 11 = 2*y - m, 5*y - 23 = 2*s. Let f(t) = -t - 15. Give f(s).
-6
Let c(n) = 3*n + 4. Let j = -29 - -23. Let g be ((-6)/9)/((-4)/j). Let p be -6 - (1 + g)/3. Calculate c(p).
-14
Let y(s) be the second derivative of 1/20*s**5 - 11/12*s**4 - 9/2*s**2 + 0 + 11/6*s**3 - 15*s. Let o = -37 - -47. Determine y(o).
1
Let v(u) be the first derivative of u**4/4 - 7*u**3/3 + 9*u**2/2 + 6*u - 203. Suppose -2*o + 16 = 2*q, 0 = -0*o + o + 4*q - 17. Determine v(o).
1
Let j(c) = -49*c**3 - c**2 - 2*c - 1. Suppose 3*k - 5*i = 37, k = -4*i + 118 - 151. Give j(k).
49
Let z(k) be the second derivative of 2*k**3/3 - 33*k**2/2 - 52*k - 3. Calculate z(11).
11
Let n(b) = -1 - 3*b - 5 + 4. Suppose -53 - 19 = -12*o. Suppose 2*z - o = -z. Calculate n(z).
-8
Let a(o) = -o**3 - 3*o**2 - o - 2. Let k be 36290/380 + 2/4. Let u be -2*9/(-6) + -102. Let f = u + k. Give a(f).
1
Let t = -278 + 165. Let a = 122 + t. Suppose 6*h - a*h = 0. Let i(z) = z**3 - z + 2. Determine i(h).
2
Let y(f) = 39*f - 94. Let a(c) = -9*c + 21. Let q(m) = -4*a(m) - y(m). Suppose -j = 2*j - 15. Calculate q(j).
-5
Let w(m) = 3*m + 3. Let b(z) = -2*z - 4. Let s(p) = -6*b(p) - 5*w(p). Suppose 78 = -114*g + 127*g. What is s(g)?
-9
Let n(v) be the third derivative of v**5/60 - v**4/6 + 3*v**3 - 74*v**2. Let a(t) be the first derivative of n(t). Calculate a(0).
-4
Let m(k) = 5*k + 14. Suppose -11*n - 15*n - 234 = 0. Let b(w) = 9*w + 23. Let p(j) = n*m(j) + 4*b(j). Give p(-4).
2
Suppose -72*a = 17 + 88 + 39. Let j(t) = 5*t + 4. Let f(g) = g. Let r(k) = f(k) - j(k). Give r(a).
4
Let j(v) = 68*v**2 + 85*v**2 - 7*v - 208*v**2 - v**3 + 67*v**2 - 12. What is j(10)?
118
Let a(h) be the second derivative of h**5/2 + h**4/4 - h**3/3 + h**2/2 - 3424*h. What is a(2)?
89
Let r(j) = j**2 + 32*j + 256. Let y be r(-17). Let h(g) = -2*g**3 - g**2 + 3*g - 1. What is h(y)?
-1
Let d(g) = 551*g + 52. Let w(c) = -1236*c - 103. Let s(j) = -9*d(j) - 4*w(j). What is s(-4)?
4
Let t(i) be the first derivative of -i**3/3 - 2*i**2 + 12*i - 7381. Let m = -14 + 7. What is t(m)?
-9
Let c(q) = q**2 - 5*q + 12. Suppose 9*p - 111 + 30 = 0. Let a be 12*((-15)/(-27) - 2/p). Let k be c(a). Let v(z) = z**2 - 7*z - 3. Calculate v(k).
5
Suppose -93 = 9*w - 3. Let y be 6/8*(6 + w). Let z(n) = -n**3 - 5*n**2 - 5*n + 1. Calculate z(y).
-2
Suppose 0 = -3*v - x + 13, 3*x = -2*v + 4*x + 2. Let i(f) = -3*f - f + v*f - 3 - 6*f. What is i(-2)?
11
Let s(v) = 2*v**3 - 2*v**2 + v + 1. Let p(r) = 3*r**3 - 11*r**2 + 11*r + 11. Let m(q) = p(q) - 2*s(q). Let a = -7 - 1. Give m(a).
1
Let t(u) = -122*u - 107*u + 210*u. What is t(1)?
-19
Let c(y) be the second derivative of -y**4/6 - 2*y**3 - 11*y**2/2 - 567*y. Determine c(-8).
-43
Let t(x) = -11*x - 11. Let j(d) be the second derivative of 5*d**3/6 + 5*d**2/2 + 8*d - 1. Let a(w) = 13*j(w) + 6*t(w). Calculate a(-10).
9
Let i = 486 + -498. Let j(a) = a**2 + 8*a -